e 2*j - 9*j + r = 0. Is j a composite number?
False
Let c = 9732 + -929. Is c composite?
False
Suppose -3*v - 4*v = -840. Suppose -209 = -b + v. Suppose -57 = j + 3*x - b, 3*x = 9. Is j a prime number?
True
Let q(u) = -3*u - 16. Let f be q(-12). Suppose 4*g - 4*v - f = 0, -3*g + 5*v + 17 = -0*v. Suppose -a = g*j - 835, 5*j - 4*a - 1050 = a. Is j a composite number?
True
Suppose 22959 = 5*u + 4*c, 4*u + u = -2*c + 22967. Is u composite?
True
Let c be 4 + 3/((-12)/16). Let s(f) = 0*f + 2*f + 877 - 140 + f**2. Is s(c) prime?
False
Suppose 0*i - 5*i = -1135. Let w = i + -104. Let j = w + -46. Is j a prime number?
False
Let y = 15069 - 5840. Is y prime?
False
Let j(b) = 44870*b + 45. Is j(2) a composite number?
True
Suppose 30*u = -4*u + 328270. Is u prime?
False
Let s(c) = -c**3 + 36*c**2 - 4*c + 46. Is s(33) prime?
True
Is (-1 + 4)/((-12)/(-4876)) a prime number?
False
Let b be ((-2)/2)/((-20)/60). Suppose 4*q + 904 - 154 = 2*h, -b*q + 3 = 0. Is h composite?
True
Let a = 382 + -662. Let s = 543 + a. Is s composite?
False
Let t(w) = 3*w - 1. Let h be t(1). Suppose h*v = -3*s + 967, 5*v - 5*s - 2475 = -s. Is v a prime number?
True
Let j = 385 + -214. Let r = j + 28. Is r a composite number?
False
Is 82236080/400 + 6/(-5) a prime number?
True
Let r(w) = 8962*w + 1. Is r(1) composite?
False
Suppose -84*h + 135602 = -24082. Is h a prime number?
True
Let t(m) be the first derivative of m**3/3 + 2*m**2 + 6*m + 6. Let g be t(-6). Is 2192/18 + 4/g a prime number?
False
Suppose -4*c + 145161 = 5*f, 4*c - 146200 = -2*f - 1042. Is c composite?
True
Let m(c) be the second derivative of -c**5/20 - c**4/3 + 13*c**3/6 + 7*c**2/2 + 9*c. Is m(-12) a prime number?
False
Let z be (-3 + (-5)/(-3))*12. Let b = -18 - z. Is (-1155)/(-27) + b/(-9) composite?
False
Suppose -2*n = 2, 0 = 4*l - n + 3*n + 10. Is (((-16)/(-4))/(-12))/(l/10518) a composite number?
False
Suppose 7*r = 252 + 105. Suppose -n - 2*y = -r, 3*n - y = 2*n + 48. Is n a prime number?
False
Let k(h) be the first derivative of 11*h**5/20 + h**4/6 + h**3/2 + 3*h**2/2 - 5. Let o(n) be the second derivative of k(n). Is o(-2) a prime number?
True
Let q(v) be the second derivative of 1/4*v**4 + 3/2*v**2 + 0 - 1/2*v**3 - v. Is q(3) a prime number?
False
Suppose 3*u = 100 - 88. Let f be (-8)/(-6)*(-3)/(-1). Suppose 3*w = f*p - 0*p - 95, -14 = -p + u*w. Is p prime?
False
Let u be (-4)/2*2/4. Let p(o) = -o**3 + o**2 + o. Let i(q) = -4*q**3 + 19*q**2 + 3*q + 13. Let j(x) = u*i(x) + 6*p(x). Is j(-12) prime?
False
Let j be (-26547)/(-7) - 105/245. Let c = j - 2489. Is c a composite number?
False
Let m = 77861 - 31008. Is m composite?
False
Let y(t) = 27*t**2 + 15*t + 6. Let i be y(-6). Suppose -11*x + i = -3*x. Is x composite?
True
Suppose -5*g - 3*m + 57321 = 5059, 4*m - 31355 = -3*g. Is g a prime number?
True
Suppose 0 = -3*g + 2*b + 22, -6*g - 3*b + 1 = -2*g. Let n(f) = -f**2 + 4*f. Let v be n(g). Is 51 + -2*(v + -1) a prime number?
True
Let i = 12 - -39. Let q be (-1 - -4)/(-3) - i. Let t = -33 - q. Is t prime?
True
Suppose 223 = -3*r + 49366. Is r prime?
True
Suppose -5*y + 11 = -4*y. Let k(d) = 4*d**2 - 10*d - 2. Let v be k(y). Suppose -c = r - v, 3*r - 6*c = -c + 1076. Is r composite?
False
Suppose -10768 = 12*s - 28*s. Is s composite?
False
Suppose 1685 + 115 = 5*z. Let j = -2 - -2. Suppose 2*b = -3*u + 351, 3*u - z = -j*u - 5*b. Is u composite?
True
Let j(t) = 6*t + 2. Let w be j(1). Suppose w*i - 245 = i. Is i a prime number?
False
Let s(l) = 26*l - 11. Let v be s(4). Suppose -5*x + 379 = 3*w, -w + x = -4*x - v. Suppose -66 - w = -4*r. Is r a composite number?
True
Suppose -2*a + 15 = 5*k - 58, 2*k = -5*a + 46. Suppose k*f - 11*f - 1034 = 0. Is f a prime number?
False
Let c(o) = 51*o**3 + 8*o**2 + 6*o + 6. Let y be c(-3). Let m = y + 2518. Is m composite?
False
Let f(p) = 2*p - 1 - p + 4. Let v be f(-6). Is (-2)/2 - 708/v a prime number?
False
Let q be (-2516)/12 - (-2)/3. Suppose -15*t + 623 = -217. Let n = t - q. Is n composite?
True
Let n(y) = -7*y**3 - 2*y**2 + 16*y + 27. Is n(-6) a composite number?
True
Let w(f) be the second derivative of f**5/20 - f**4/4 - 5*f**3/6 + 3*f**2 - f. Let d be (22 - 23)/((1 + 2)/(-15)). Is w(d) prime?
True
Let t(z) be the third derivative of 11*z**5/20 - 11*z**4/24 + 5*z**3/6 + 22*z**2. Is t(-9) composite?
False
Let k(c) = 2654*c + 3. Let d be k(-1). Let f = -472 - d. Is f a composite number?
False
Let c(a) = 8*a + 7. Let h = 11 - 7. Let x be h*(-12)/(-16)*3. Is c(x) composite?
False
Let t(g) = g**3 - 8*g**2 - 10*g + 10. Let l be t(9). Let f(y) = 9*y + 1. Let n be f(l). Is (-2859)/(-2)*n/15 prime?
True
Let l(h) = h**3 + 3*h**2 + 3*h + 3. Let k = 0 - 2. Let y be l(k). Let s(o) = 252*o**3 - 2*o**2 + 2*o - 1. Is s(y) a composite number?
False
Let r(q) be the first derivative of 7*q**4/2 + q**3 + q**2 - 2*q + 8. Let w be r(-2). Let g = w + 212. Is g a composite number?
True
Suppose 25*d - 863672 - 347253 = 0. Is d a prime number?
True
Let a = 929 - 550. Is a a prime number?
True
Let y = -67 + 39. Let x = y - -54. Suppose 0 = 4*q - 2*q - x. Is q a composite number?
False
Let s(g) = 35*g**2 - 8*g + 10. Let u be s(4). Let x = -59 + u. Is x composite?
False
Suppose -5*c = -2*k + 3425, -3*k - 1022 = -3*c - 6137. Let y = -703 + k. Is y a composite number?
False
Suppose 9*u - 10078 = 2513. Is u prime?
True
Suppose -q = 20*q - 120477. Is q composite?
False
Let l(g) = -2*g - 5. Let h be l(-4). Let b be h + 1 + -293 + -3. Let c = b + 629. Is c composite?
False
Suppose -2*a + 2*h + 64 = 2*a, h = 2. Suppose 0 = x + 256 + a. Let i = -182 - x. Is i prime?
False
Let y = 24 - -32. Let q be 1/(-3 + y/20). Is 4878/30 + (-2)/q composite?
False
Let x(c) = -5*c**2 + 16*c + 15. Let f(q) = q**2 + 1. Let y(z) = 4*f(z) + x(z). Is y(12) a prime number?
True
Let o(r) = -9*r - 78. Let b be o(-9). Let t = 35 + 158. Is 3/(b/t) - 2 a prime number?
True
Let s(n) be the second derivative of 119*n**5/20 + 5*n**4/12 + n**3/3 - n**2 - 20*n. Is s(2) a composite number?
True
Let a(z) = z**3 + 85*z**2 - 137*z + 310. Is a(-69) prime?
False
Let u(r) = 2*r**2 - 12*r + 3. Let s be u(6). Suppose -f - 134 = -s*f. Is f composite?
False
Let j(y) = -25*y - 11. Let s be j(-6). Suppose -n + s = -652. Is n prime?
False
Let z(m) = -225*m**2 - 11*m. Let w(h) = -150*h**2 - 7*h. Let s(i) = -8*w(i) + 5*z(i). Suppose 16 = -19*t + 3*t. Is s(t) prime?
False
Let y(j) = j**2 - 5*j + 6. Let u be y(4). Let w be (-12)/(-16) - u/(-8). Is 2/6*1239/w composite?
True
Suppose f + 60688 = 2*a - 2*f, -121396 = -4*a - 4*f. Is a composite?
False
Suppose -3*f = 2*q + 291, -f + 289 = -2*q - 6*f. Let z = -85 - q. Let s = z + -29. Is s a prime number?
False
Suppose -6*f = -22*f + 80. Suppose f*b = -b + 1524. Is b prime?
False
Suppose 2*x = 4*k + 16, -2*k = -3*x - 2*x + 16. Let v be 3/(x + -4 + 3). Suppose -v*f = 0, 4*y - 3*f - 1676 = -0*y. Is y a prime number?
True
Let q be (-4)/(-6)*36/8. Suppose -26 = -m + 4*m - 2*y, q*m = -2*y - 22. Let b(w) = -w**2 - 11*w + 7. Is b(m) a composite number?
False
Let p(t) = -22*t - 1. Let x = -46 + 70. Suppose -5*h - x = -h. Is p(h) composite?
False
Let g(f) = -28*f + 9. Let c = 33 + 69. Let y be (-1)/(-2) + c/(-12). Is g(y) composite?
False
Let p(v) = -564*v - 3. Let f(q) = -1691*q - 9. Let j(c) = 4*f(c) - 11*p(c). Is j(-1) composite?
False
Let l(j) be the second derivative of -13*j**3/6 + 4*j. Let r be 5*(-3)/(-6)*-2. Is l(r) a prime number?
False
Let f = 30 - 23. Let q(t) = -3*t**3 + 10*t**2 + 3*t - 8. Let v be q(f). Is v/3*(-15)/10 a composite number?
False
Is 653/(2/(-98)*-7) a prime number?
False
Suppose -21 = 2*q - 31. Suppose 0 = -q*a - 2*a + 5201. Is a prime?
True
Let p(l) = -l**3 + 7*l**2 - 8*l + 17. Let x be p(6). Suppose -4*q + 1692 = 5*z, 2*q + 1018 = 3*z + 3*q. Suppose -x*c = 75 - z. Is c composite?
False
Suppose 2*c + 14 = -4*g, 4*c + 6*g + 14 = 5*g. Let y(x) = -8*x**3 - 4*x**2 - 6*x - 7. Is y(c) a composite number?
False
Let o be 2 + (0/(-5) - 1). Let w be (40/o)/(14/427). Is w/3 - 3/(-9) a composite number?
True
Is ((-32)/48)/((-4)/557814) prime?
False
Let v be (-2)/(-9) + ((-476)/18)/(-7). Is -3 + v + -4 - -268 prime?
False
Suppose -42*b = -38*b - 47108. Is b composite?
False
Let c = -51 + 49. Is ((-14912)/4 - 2)/c a prime number?
False
Let w = -48776 - -136549. Is w a composite number?
True
Le